{"id":404,"date":"2025-10-29T12:37:42","date_gmt":"2025-10-29T12:37:42","guid":{"rendered":"https:\/\/innovationshopweb.com\/?post_type=product&#038;p=404"},"modified":"2025-10-29T12:37:42","modified_gmt":"2025-10-29T12:37:42","slug":"televiseur-solaire-32","status":"publish","type":"product","link":"https:\/\/innovationshopweb.com\/index.php\/product\/televiseur-solaire-32\/","title":{"rendered":"TELEVISEUR SOLAIRE 32"},"content":{"rendered":"<p>Obtenez votre t\u00e9l\u00e9viseur aliment\u00e9 par un panneau solaire avec 2 ampoules Led Fournies, chargeur t\u00e9l\u00e9phonique USB, HDMI et VGA.<\/p>\n","protected":false},"excerpt":{"rendered":"<p>Obtenez votre t\u00e9l\u00e9viseur aliment\u00e9 par un panneau solaire avec 2 ampoules Led Fournies, chargeur t\u00e9l\u00e9phonique USB, HDMI et VGA.<\/p>\n","protected":false},"featured_media":387,"comment_status":"open","ping_status":"closed","template":"","meta":[],"product_brand":[],"product_cat":[21],"product_tag":[],"class_list":{"0":"post-404","1":"product","2":"type-product","3":"status-publish","4":"has-post-thumbnail","6":"product_cat-produits-tech","8":"first","9":"instock","10":"sale","11":"shipping-taxable","12":"purchasable","13":"product-type-simple"},"_links":{"self":[{"href":"https:\/\/innovationshopweb.com\/index.php\/wp-json\/wp\/v2\/product\/404","targetHints":{"allow":["GET"]}}],"collection":[{"href":"https:\/\/innovationshopweb.com\/index.php\/wp-json\/wp\/v2\/product"}],"about":[{"href":"https:\/\/innovationshopweb.com\/index.php\/wp-json\/wp\/v2\/types\/product"}],"replies":[{"embeddable":true,"href":"https:\/\/innovationshopweb.com\/index.php\/wp-json\/wp\/v2\/comments?post=404"}],"wp:featuredmedia":[{"embeddable":true,"href":"https:\/\/innovationshopweb.com\/index.php\/wp-json\/wp\/v2\/media\/387"}],"wp:attachment":[{"href":"https:\/\/innovationshopweb.com\/index.php\/wp-json\/wp\/v2\/media?parent=404"}],"wp:term":[{"taxonomy":"product_brand","embeddable":true,"href":"https:\/\/innovationshopweb.com\/index.php\/wp-json\/wp\/v2\/product_brand?post=404"},{"taxonomy":"product_cat","embeddable":true,"href":"https:\/\/innovationshopweb.com\/index.php\/wp-json\/wp\/v2\/product_cat?post=404"},{"taxonomy":"product_tag","embeddable":true,"href":"https:\/\/innovationshopweb.com\/index.php\/wp-json\/wp\/v2\/product_tag?post=404"}],"curies":[{"name":"wp","href":"https:\/\/api.w.org\/{rel}","templated":true}]}}