{"id":495,"date":"2025-11-27T16:45:16","date_gmt":"2025-11-27T16:45:16","guid":{"rendered":"https:\/\/innovationshopweb.com\/?post_type=product&#038;p=495"},"modified":"2025-11-27T16:46:22","modified_gmt":"2025-11-27T16:46:22","slug":"camera-ip-wifi-indetectable-wifi","status":"publish","type":"product","link":"https:\/\/innovationshopweb.com\/index.php\/product\/camera-ip-wifi-indetectable-wifi\/","title":{"rendered":"CAMERA IP WIFI INDETECTABLE WIFI"},"content":{"rendered":"<p>CAMERA IP WIFI INDETECTABLE WIFI<\/p>\n<p>Cam\u00e9ra tr\u00e8s discr\u00e8te pour surveiller votre maison, bureau ou commerce, vous pouvez visualisez depuis votre t\u00e9l\u00e9phone ou ordinateur m\u00eame \u00e9tant hors de chez vous.<\/p>\n","protected":false},"excerpt":{"rendered":"<p>CAMERA IP WIFI INDETECTABLE WIFI Cam\u00e9ra tr\u00e8s discr\u00e8te pour surveiller votre maison, bureau ou commerce, vous pouvez visualisez depuis votre t\u00e9l\u00e9phone ou ordinateur m\u00eame \u00e9tant hors de chez vous.<\/p>\n","protected":false},"featured_media":496,"comment_status":"open","ping_status":"closed","template":"","meta":[],"product_brand":[],"product_cat":[21],"product_tag":[],"class_list":{"0":"post-495","1":"product","2":"type-product","3":"status-publish","4":"has-post-thumbnail","6":"product_cat-produits-tech","8":"first","9":"instock","10":"sale","11":"shipping-taxable","12":"purchasable","13":"product-type-simple"},"_links":{"self":[{"href":"https:\/\/innovationshopweb.com\/index.php\/wp-json\/wp\/v2\/product\/495","targetHints":{"allow":["GET"]}}],"collection":[{"href":"https:\/\/innovationshopweb.com\/index.php\/wp-json\/wp\/v2\/product"}],"about":[{"href":"https:\/\/innovationshopweb.com\/index.php\/wp-json\/wp\/v2\/types\/product"}],"replies":[{"embeddable":true,"href":"https:\/\/innovationshopweb.com\/index.php\/wp-json\/wp\/v2\/comments?post=495"}],"wp:featuredmedia":[{"embeddable":true,"href":"https:\/\/innovationshopweb.com\/index.php\/wp-json\/wp\/v2\/media\/496"}],"wp:attachment":[{"href":"https:\/\/innovationshopweb.com\/index.php\/wp-json\/wp\/v2\/media?parent=495"}],"wp:term":[{"taxonomy":"product_brand","embeddable":true,"href":"https:\/\/innovationshopweb.com\/index.php\/wp-json\/wp\/v2\/product_brand?post=495"},{"taxonomy":"product_cat","embeddable":true,"href":"https:\/\/innovationshopweb.com\/index.php\/wp-json\/wp\/v2\/product_cat?post=495"},{"taxonomy":"product_tag","embeddable":true,"href":"https:\/\/innovationshopweb.com\/index.php\/wp-json\/wp\/v2\/product_tag?post=495"}],"curies":[{"name":"wp","href":"https:\/\/api.w.org\/{rel}","templated":true}]}}